ed by 22?
21
Let z = 414 + -317. Calculate the remainder when z is divided by 29.
10
Suppose 218 = -12*d + 662. Calculate the remainder when 167 is divided by d.
19
What is the remainder when (-33 + 1)/((-3276)/(-300) - 11) is divided by 45?
40
Let f = 890 - 825. What is the remainder when f is divided by 5?
0
Let k = -65 - -62. Calculate the remainder when 29 is divided by (-74)/(-10) + k/(-5).
5
Let b = 516 + -510. What is the remainder when b is divided by 4?
2
Let j = 38 - -15. Let a = 4 - -15. Calculate the remainder when j is divided by a.
15
Suppose 4*a = 13*a - 972. What is the remainder when a is divided by 16?
12
Let j = 2 - 10. Calculate the remainder when 9 is divided by (20/j)/((-20)/48).
3
Calculate the remainder when 220 is divided by (-34)/4*(2 - (4 + 0)).
16
Suppose -3*p + 95 = 11. Suppose -2*l = -3*x + 41, 2*x + 2*l = 4*l + p. What is the remainder when 50 is divided by x?
11
Suppose 0*r + 3*x + 12 = r, 0 = -5*r + 2*x + 112. Let z = -12368 + 12382. Calculate the remainder when r is divided by z.
10
Suppose -w + 0 = -12. Suppose 14 = t + 3*s, t + 2*s = -3*s + w. Calculate the remainder when t is divided by (2 - 0) + 9 + -1.
7
Suppose 3*h - 799 = -2*x, 0 = -4*x - 8*h + 5*h + 1613. Calculate the remainder when x is divided by 34.
33
Let v(r) = -r**2 - 11*r + 18. Suppose -28 = 4*b - 2*k, 7*k - 21 = 3*b + 2*k. Let g = 5 - b. Calculate the remainder when g is divided by v(-12).
0
Let f(g) = 15*g - 17. What is the remainder when 323 is divided by f(2)?
11
Suppose 2*o - 2 = 0, -3*y = 2*y + 5*o + 85. What is the remainder when (y + 16)*59/(-2) is divided by 364/18 - (-10)/(-45)?
19
Let y(u) = -u + 15. Let n = -1 - -4. Suppose -2*j + 1 + n = 0. Calculate the remainder when y(9) is divided by j.
0
Suppose -5*b = 5*c - 1715, 5*b - 1124 - 583 = 3*c. Suppose b = -38*j + 47*j. Calculate the remainder when j is divided by 21.
17
Let u(h) = h**3 + 7*h**2 + 7*h + 15. Calculate the remainder when 290 is divided by u(-3).
20
Let s(a) = 4*a**2 - 2*a + 16. Calculate the remainder when s(4) is divided by 37.
35
Suppose 0 = 1414*f - 1422*f + 200. Suppose a = 4*q - 32, -53 = -3*q - 2*q - 2*a. What is the remainder when f is divided by q?
7
What is the remainder when 16 is divided by (4 - 4) + (2 - -4)?
4
Let p(k) = 298*k**3 - k**2 + 2*k - 1. Let l be p(1). Suppose 4*g = l + 86. Calculate the remainder when g is divided by 33.
30
Let f = -49 + 76. Calculate the remainder when 103 is divided by f.
22
Suppose 5*n = -16*p + 13*p + 84, 4*p = -2*n + 126. What is the remainder when 395 is divided by p?
32
Let r = 269 - 264. Calculate the remainder when 48 is divided by r.
3
Suppose z - 4 = 3*k, -11*z + 16 = -k - 7*z. Suppose 5*j = -5*l + 4*j + 88, j - 3 = k. What is the remainder when 33 is divided by l?
16
Calculate the remainder when 135405/425 - (-6)/(-10) is divided by 66.
54
Let q be 21/(-3)*(0 + -14). Let c = q - 52. What is the remainder when c is divided by 16?
14
Suppose -3 = -5*v + 12. Suppose -n + 520 = v*n. Calculate the remainder when n is divided by 12.
10
Let m be -6*(-7)/2 - 0. Let v = m + -14. Calculate the remainder when 34 is divided by v.
6
Suppose 5*h = 3*f - 84, 0 = -f + 5*h + 13 + 5. What is the remainder when 41 is divided by f?
8
Let v = -377 - -575. What is the remainder when v is divided by 51?
45
Suppose d + 18 - 130 = -5*j, -4*d - 58 = -3*j. Calculate the remainder when 86 is divided by j.
20
Suppose -15 = -5*b + 45. Let n = 246 - 166. Calculate the remainder when n is divided by b.
8
Let c = 987 + -550. Calculate the remainder when c is divided by 11.
8
Suppose -5*j + 4*d + 14 = 0, -3*j + 43 = 3*d + 13. What is the remainder when 59 is divided by j?
5
Let g(k) = 2*k - 9. Let i be g(7). Let b(u) = -u + 7. Let q be b(i). Suppose 16 = 4*t, -58 = -7*x + q*x - 2*t. What is the remainder when 26 is divided by x?
6
Let f be 3/((-7)/(140/(-12))). Suppose -y = f*y - 24. What is the remainder when 14 is divided by y?
2
Let a = 8 + -8. Suppose -3*t - 1 + 16 = 0. Suppose -5 = -t*c - a. Calculate the remainder when c is divided by 1.
0
Let x = -2584 + 2641. What is the remainder when 1080 is divided by x?
54
Let d(p) = -17*p - 3. Suppose 8*o - 10 = 6*o, 3*f - o = 457. What is the remainder when f is divided by d(-2)?
30
Let z = 268 - 89. What is the remainder when z is divided by 26?
23
Suppose 44*a = -55*a - 30*a + 387. Let r be -2*1 + 8 + 0. Calculate the remainder when a is divided by (-5 - -3)*r/(-4).
0
Let v(x) = 4*x**2 - 117*x + 37. Let r(b) = b + 2 - 4*b - 6*b. What is the remainder when r(-4) is divided by v(29)?
6
Suppose 888 = 10*r - 42. What is the remainder when 280 is divided by r?
1
Suppose 4*l = l. Suppose l*x - x - 1 = -5*a, 3*a + 3*x = 15. Calculate the remainder when a is divided by (2 - -2)*1 - (7 + -4).
0
Let p(i) = 0*i**2 - 4*i**3 + 6*i**2 + 4 + 5*i**3 - 1. Let b be p(-6). What is the remainder when (1/b)/((-12)/(-2556)) is divided by 36?
35
Let n be 4/(-18) + 76/18. Suppose -n*o = -4*d + 148, 184 = 6*d - d - 4*o. What is the remainder when d is divided by 19?
17
Let u be 10/35 - 36/(-21). Suppose -u*m + 7*m - 250 = 0. Let c = m - 15. What is the remainder when c is divided by 9?
8
Suppose -2*t + 146 - 38 = 0. Let b = -3842 - -3857. What is the remainder when t is divided by b?
9
Let a(w) = w + 26. Let g(o) = -o - 26. Let c(k) = -3*a(k) - 4*g(k). Let n be (13 - 13)/(2 + -5). Calculate the remainder when c(n) is divided by 9.
8
Let t(q) = -q**2 + 8*q - 11. Let m be t(5). Suppose 179 - 59 = m*p. What is the remainder when p is divided by 12?
6
What is the remainder when 37 is divided by -3 + 101/4 + (-5)/20?
15
Suppose 3*h - 21 = 3*f, -2*f - 3 = -3*f. Let u be -2 - h - 0/(-1). Calculate the remainder when 25 is divided by (-21)/(u/8*1).
11
Let z(b) be the third derivative of b**5/60 + 23*b**4/24 + 3*b**3/2 + 24*b**2. Calculate the remainder when z(-27) is divided by 24.
21
Let l(s) = -s**2 - 8*s - 3. Let c be l(-8). Let d(i) = -2*i + 1. Calculate the remainder when d(-8) is divided by (0 - c/9)*21.
3
Suppose 3*l = -x, x + 4 = -0*l + l. Suppose 27 = 5*b + c, -3*b = -4*c - c - 33. Calculate the remainder when 6/l*(-4)/(-16)*10 is divided by b.
3
Let j(u) = -u**3 + 6*u**2 + 12*u - 11. Calculate the remainder when j(7) is divided by -18*(-3 - (-15)/6).
6
What is the remainder when (-4)/14 - (-13)/((-273)/(-720)) is divided by 1*(-4)/8*-26?
8
Let n = -534 + 538. Let x(d) = -d. Let m be x(-3). Suppose -m*t - 3*q + 9 = 0, 0 = -t + 4*q - 5 + 23. Calculate the remainder when t is divided by n.
2
Suppose 0 = -0*r + 2*r - 10, 3*u = -r + 44. Calculate the remainder when u is divided by ((-28)/8)/((-2)/4).
6
Let d(o) = -2*o + 49. Let m be (((-32)/(-3))/2)/(17/51). What is the remainder when 82 is divided by d(m)?
14
Let i(d) = 8*d - 16. Let w(m) = 3*m - 5. Let q(g) = 6*i(g) - 17*w(g). What is the remainder when 76 is divided by q(-8)?
11
Let v = -34 - -37. Suppose 28 = v*a - z, -2 - 22 = -a + 4*z. Calculate the remainder when 22 is divided by a.
6
Suppose 0 = -3*v + 17 - 8. Suppose 0 = s - 4*m - 14, -4*s + v*m = -16 - 14. What is the remainder when 14 is divided by s?
2
Suppose 620 + 1060 = 3*r - 2*t, 0 = 4*r + 2*t - 2226. Calculate the remainder when r is divided by 70.
68
Let j(u) = 8*u + 17. Let g be j(15). Suppose -3*q = 50 - g. Calculate the remainder when q is divided by 8.
5
Let s(l) = -2*l - 32. Calculate the remainder when 40 is divided by s(-19).
4
Let t = -159 + 316. What is the remainder when t is divided by 10?
7
Let s = 532 - 467. What is the remainder when s is divided by 14?
9
Let u = -66 - -23. Let t = u - -51. What is the remainder when 23 is divided by t?
7
Suppose -5*t + 14 = -10*t + 3*g, -16 = 2*t + 4*g. Let o(p) = 4*p**2 + 7*p + 7. Calculate the remainder when o(t) is divided by 11.
10
Let d(v) = 8*v**2 - 20*v + 22. What is the remainder when d(5) is divided by 41?
40
Suppose 48*s - 64663 = -2359. Calculate the remainder when s is divided by 26.
24
Suppose -5*r = -4*l + 746, 190 = -l + 2*l - 3*r. Calculate the remainder when l is divided by 11.
8
What is the remainder when 90 is divided by (3 + (-150)/4)/(30/(-40))?
44
What is the remainder when -2 + 5/(5/1582) + 1 is divided by 16?
13
Let n = -33 - -64. Calculate the remainder when 366 is divided by n.
25
Let f(g) = g**2 - 17*g - 3. Let j be f(17). Suppose 